{"id":1694,"date":"2025-09-24T17:06:51","date_gmt":"2025-09-24T15:06:51","guid":{"rendered":"https:\/\/theatredebagatelle.com\/?page_id=1694"},"modified":"2026-07-12T12:50:52","modified_gmt":"2026-07-12T10:50:52","slug":"sous-laile-de-la-mome","status":"publish","type":"page","link":"https:\/\/theatredebagatelle.com\/index.php\/sous-laile-de-la-mome\/","title":{"rendered":"Sous l&rsquo;aile de la M\u00f4me"},"content":{"rendered":"\n<div class=\"wp-block-group is-layout-flow wp-block-group-is-layout-flow\">\n<div class=\"wp-block-columns is-layout-flex wp-container-core-columns-is-layout-f56f613f wp-block-columns-is-layout-flex\">\n<div class=\"wp-block-column is-layout-flow wp-block-column-is-layout-flow\">\n<figure class=\"wp-block-image aligncenter size-full\"><img loading=\"lazy\" decoding=\"async\" width=\"800\" height=\"103\" src=\"https:\/\/theatredebagatelle.com\/wp-content\/uploads\/Titre_Piaf_Aznavour.jpg\" alt=\"\" class=\"wp-image-1719\" srcset=\"https:\/\/theatredebagatelle.com\/wp-content\/uploads\/Titre_Piaf_Aznavour.jpg 800w, https:\/\/theatredebagatelle.com\/wp-content\/uploads\/Titre_Piaf_Aznavour-300x39.jpg 300w, https:\/\/theatredebagatelle.com\/wp-content\/uploads\/Titre_Piaf_Aznavour-768x99.jpg 768w\" sizes=\"auto, (max-width: 800px) 100vw, 800px\" \/><\/figure>\n\n\n\n<p class=\"has-large-font-size wp-block-paragraph\">Cr\u00e9ation 2025<\/p>\n<\/div>\n<\/div>\n<\/div>\n\n\n\n<div class=\"wp-block-columns is-layout-flex wp-container-core-columns-is-layout-f56f613f wp-block-columns-is-layout-flex\">\n<div class=\"wp-block-column is-layout-flow wp-block-column-is-layout-flow\">\n<p class=\"has-eccp-small-font-size wp-block-paragraph\">Chant: Agn\u00e8s Ravaux<br>Piano &#8211; chant et arrangements: Guillaume Giraud<br>Accord\u00e9on&nbsp;: Oleksandr Movchan<\/p>\n<\/div>\n<\/div>\n\n\n\n<div class=\"wp-block-columns is-layout-flex wp-container-core-columns-is-layout-f56f613f wp-block-columns-is-layout-flex\">\n<div class=\"wp-block-column is-layout-flow wp-block-column-is-layout-flow\"><\/div>\n\n\n\n<div class=\"wp-block-column is-layout-flow wp-block-column-is-layout-flow\"><\/div>\n<\/div>\n\n\n\n<p class=\"wp-block-paragraph\"><strong>PIAF &#8211; AZNAVOUR&#8230; une tendresse folle<\/strong><\/p>\n\n\n\n<div class=\"wp-block-columns is-layout-flex wp-container-core-columns-is-layout-f56f613f wp-block-columns-is-layout-flex\">\n<div class=\"wp-block-column justification_texte is-layout-flow wp-block-column-is-layout-flow\" style=\"--col-width:66.66%;flex-basis:66.66%\">\n<p class=\"wp-block-paragraph\" style=\"font-size:12px\">En 1946, Charles Aznavour est remarqu\u00e9 par \u00c9dith Piaf qui le prend sous son aile. D\u00e9bute alors entre eux une longue et franche amiti\u00e9. Elle le fera rentrer dans la grande famille des artistes\u2026<br>Avec Agn\u00e8s Ravaux, Guillaume Giraud et Oleksandr, le Trio revisite le r\u00e9pertoire de ces deux grands noms de la chanson fran\u00e7aise, nous emmenant au c\u0153ur de leurs ann\u00e9es de gloire et de triomphe.<br>Dans ce spectacle les artistes \u00e9voqueront les d\u00e9buts de la M\u00d4ME PIAF jusqu\u2019\u00e0 ce qu\u2019elle devienne EDITH PIAF\u2026<br>Puis sa rencontre avec Aznavour\u2026<br>Piaf va le prendre sous son aile\u2026<br>Aznavour va voir sa carri\u00e8re d\u00e9coller\u2026<br>Au fil des chansons des petites histoires vont se glisser racontant leur rencontre, leurs parcours, leurs chemins caboss\u00e9s, leurs drames\u2026 et leurs triomphes.<br>Oleksandr, virtuose du piano \u00e0 bretelles, fera souffler un parfum de Paris au coin des chansons.<br><a href=\"https:\/\/oleksandrmovchan.com\/fr\/\" target=\"_blank\" rel=\"noreferrer noopener\">https:\/\/oleksandrmovchan.com\/fr\/<\/a><\/p>\n<\/div>\n\n\n\n<div class=\"wp-block-column is-layout-flow wp-block-column-is-layout-flow\" style=\"--col-width:33.33%;flex-basis:33.33%\">\n<figure class=\"wp-block-image size-full\"><img loading=\"lazy\" decoding=\"async\" width=\"355\" height=\"500\" src=\"https:\/\/theatredebagatelle.com\/wp-content\/uploads\/Affiche_Piaf_Aznavour-c.jpg\" alt=\"\" class=\"wp-image-1805\" srcset=\"https:\/\/theatredebagatelle.com\/wp-content\/uploads\/Affiche_Piaf_Aznavour-c.jpg 355w, https:\/\/theatredebagatelle.com\/wp-content\/uploads\/Affiche_Piaf_Aznavour-c-213x300.jpg 213w\" sizes=\"auto, (max-width: 355px) 100vw, 355px\" \/><figcaption class=\"wp-element-caption\"><em>Sous l&rsquo;aile de la M\u00f4me<\/em><\/figcaption><\/figure>\n<\/div>\n<\/div>\n\n\n\n<hr class=\"wp-block-separator aligncenter has-alpha-channel-opacity\"\/>\n\n\n\n<p class=\"has-text-align-center wp-block-paragraph\">Quelques extraits \u00e0 l&rsquo;\u00e9coute&#8230;<\/p>\n\n\n\n<div class=\"wp-block-columns is-layout-flex wp-container-core-columns-is-layout-f56f613f wp-block-columns-is-layout-flex\">\n<div class=\"wp-block-column is-layout-flow wp-block-column-is-layout-flow\">\n<figure class=\"wp-block-audio\"><audio controls src=\"https:\/\/theatredebagatelle.com\/wp-content\/uploads\/Aznavour-Piaf-Comme_ils_disent.mp3\"><\/audio><figcaption class=\"wp-element-caption\">Comme ils disent<\/figcaption><\/figure>\n<\/div>\n<\/div>\n\n\n\n<figure class=\"wp-block-audio\"><audio controls src=\"https:\/\/theatredebagatelle.com\/wp-content\/uploads\/Aznavour-Piaf-Je_mvoyais_deja.mp3\"><\/audio><figcaption class=\"wp-element-caption\">Je m&rsquo;voyais d\u00e9j\u00e0<\/figcaption><\/figure>\n\n\n\n<figure class=\"wp-block-audio\"><audio controls src=\"https:\/\/theatredebagatelle.com\/wp-content\/uploads\/Aznavour-Piaf-Padam.mp3\"><\/audio><figcaption class=\"wp-element-caption\">Padam<\/figcaption><\/figure>\n\n\n\n<hr class=\"wp-block-separator aligncenter has-css-opacity\"\/>\n\n\n\n<div class=\"wp-block-columns is-layout-flex wp-container-core-columns-is-layout-f56f613f wp-block-columns-is-layout-flex\">\n<div class=\"wp-block-column is-layout-flow wp-block-column-is-layout-flow\" style=\"--col-width:25%;flex-basis:25%\"><\/div>\n\n\n\n<div class=\"wp-block-column is-layout-flow wp-block-column-is-layout-flow\" style=\"--col-width:50%;flex-basis:50%\">\n<figure class=\"wp-block-image size-medium\"><a href=\"https:\/\/theatredebagatelle.com\/index.php\/photos-piaf-aznavour\/\"><img loading=\"lazy\" decoding=\"async\" width=\"300\" height=\"98\" src=\"https:\/\/theatredebagatelle.com\/wp-content\/uploads\/Vign_PHOTOS-500x164-1-300x98.jpg\" alt=\"\" class=\"wp-image-893\" srcset=\"https:\/\/theatredebagatelle.com\/wp-content\/uploads\/Vign_PHOTOS-500x164-1-300x98.jpg 300w, https:\/\/theatredebagatelle.com\/wp-content\/uploads\/Vign_PHOTOS-500x164-1.jpg 500w\" sizes=\"auto, (max-width: 300px) 100vw, 300px\" \/><\/a><\/figure>\n<\/div>\n\n\n\n<div class=\"wp-block-column is-layout-flow wp-block-column-is-layout-flow\" style=\"--col-width:25%;flex-basis:25%\"><\/div>\n<\/div>\n","protected":false},"excerpt":{"rendered":"<p>Cr\u00e9ation 2025 Chant: Agn\u00e8s RavauxPiano &#8211; chant et arrangements: Guillaume GiraudAccord\u00e9on&nbsp;: Oleksandr Movchan PIAF &#8211; AZNAVOUR&#8230; une tendresse folle En 1946, Charles Aznavour est remarqu\u00e9 par \u00c9dith Piaf qui le prend sous son aile.<br \/> D\u00e9bute alors entre eux une longue et franche amiti\u00e9.<br \/> Elle le fera rentrer dans la grande famille des artistes\u2026Avec Agn\u00e8s Ravaux,[\u2026]<\/p>\n","protected":false},"author":2,"featured_media":0,"parent":0,"menu_order":0,"comment_status":"closed","ping_status":"closed","template":"","meta":{"_acf_changed":false,"remove_blocks_before_content":false,"remove_blocks_after_content":false,"countdown_timer_date_events":"","disable_reading_progress_bar":false,"footnotes":""},"class_list":["post-1694","page","type-page","status-publish","hentry"],"acf":[],"_links":{"self":[{"href":"https:\/\/theatredebagatelle.com\/index.php\/wp-json\/wp\/v2\/pages\/1694","targetHints":{"allow":["GET"]}}],"collection":[{"href":"https:\/\/theatredebagatelle.com\/index.php\/wp-json\/wp\/v2\/pages"}],"about":[{"href":"https:\/\/theatredebagatelle.com\/index.php\/wp-json\/wp\/v2\/types\/page"}],"author":[{"embeddable":true,"href":"https:\/\/theatredebagatelle.com\/index.php\/wp-json\/wp\/v2\/users\/2"}],"replies":[{"embeddable":true,"href":"https:\/\/theatredebagatelle.com\/index.php\/wp-json\/wp\/v2\/comments?post=1694"}],"version-history":[{"count":12,"href":"https:\/\/theatredebagatelle.com\/index.php\/wp-json\/wp\/v2\/pages\/1694\/revisions"}],"predecessor-version":[{"id":1842,"href":"https:\/\/theatredebagatelle.com\/index.php\/wp-json\/wp\/v2\/pages\/1694\/revisions\/1842"}],"wp:attachment":[{"href":"https:\/\/theatredebagatelle.com\/index.php\/wp-json\/wp\/v2\/media?parent=1694"}],"curies":[{"name":"wp","href":"https:\/\/api.w.org\/{rel}","templated":true}]}}

Sous l&rsquo;aile de la Môme

<div class="wp-block-group is-layout-flow wp-block-group-is-layout-flow">
<div class="wp-block-columns is-layout-flex wp-container-core-columns-is-layout-f56f613f wp-block-columns-is-layout-flex">
<div class="wp-block-column is-layout-flow wp-block-column-is-layout-flow">
<figure class="wp-block-image aligncenter size-full"><img loading="lazy" decoding="async" width="800" height="103" src="https://theatredebagatelle.com/wp-content/uploads/Titre_Piaf_Aznavour.jpg" alt="" class="wp-image-1719" srcset="https://theatredebagatelle.com/wp-content/uploads/Titre_Piaf_Aznavour.jpg 800w, https://theatredebagatelle.com/wp-content/uploads/Titre_Piaf_Aznavour-300x39.jpg 300w, https://theatredebagatelle.com/wp-content/uploads/Titre_Piaf_Aznavour-768x99.jpg 768w" sizes="auto, (max-width: 800px) 100vw, 800px" /></figure>



<p class="has-large-font-size wp-block-paragraph">Création 2025</p>
</div>
</div>
</div>



<div class="wp-block-columns is-layout-flex wp-container-core-columns-is-layout-f56f613f wp-block-columns-is-layout-flex">
<div class="wp-block-column is-layout-flow wp-block-column-is-layout-flow">
<p class="has-eccp-small-font-size wp-block-paragraph">Chant: Agnès Ravaux<br>Piano &#8211; chant et arrangements: Guillaume Giraud<br>Accordéon&nbsp;: Oleksandr Movchan</p>
</div>
</div>



<div class="wp-block-columns is-layout-flex wp-container-core-columns-is-layout-f56f613f wp-block-columns-is-layout-flex">
<div class="wp-block-column is-layout-flow wp-block-column-is-layout-flow"></div>



<div class="wp-block-column is-layout-flow wp-block-column-is-layout-flow"></div>
</div>



<p class="wp-block-paragraph"><strong>PIAF &#8211; AZNAVOUR&#8230; une tendresse folle</strong></p>



<div class="wp-block-columns is-layout-flex wp-container-core-columns-is-layout-f56f613f wp-block-columns-is-layout-flex">
<div class="wp-block-column justification_texte is-layout-flow wp-block-column-is-layout-flow" style="--col-width:66.66%;flex-basis:66.66%">
<p class="wp-block-paragraph" style="font-size:12px">En 1946, Charles Aznavour est remarqué par Édith Piaf qui le prend sous son aile. Débute alors entre eux une longue et franche amitié. Elle le fera rentrer dans la grande famille des artistes…<br>Avec Agnès Ravaux, Guillaume Giraud et Oleksandr, le Trio revisite le répertoire de ces deux grands noms de la chanson française, nous emmenant au cœur de leurs années de gloire et de triomphe.<br>Dans ce spectacle les artistes évoqueront les débuts de la MÔME PIAF jusqu’à ce qu’elle devienne EDITH PIAF…<br>Puis sa rencontre avec Aznavour…<br>Piaf va le prendre sous son aile…<br>Aznavour va voir sa carrière décoller…<br>Au fil des chansons des petites histoires vont se glisser racontant leur rencontre, leurs parcours, leurs chemins cabossés, leurs drames… et leurs triomphes.<br>Oleksandr, virtuose du piano à bretelles, fera souffler un parfum de Paris au coin des chansons.<br><a href="https://oleksandrmovchan.com/fr/" target="_blank" rel="noreferrer noopener">https://oleksandrmovchan.com/fr/</a></p>
</div>



<div class="wp-block-column is-layout-flow wp-block-column-is-layout-flow" style="--col-width:33.33%;flex-basis:33.33%">
<figure class="wp-block-image size-full"><img loading="lazy" decoding="async" width="355" height="500" src="https://theatredebagatelle.com/wp-content/uploads/Affiche_Piaf_Aznavour-c.jpg" alt="" class="wp-image-1805" srcset="https://theatredebagatelle.com/wp-content/uploads/Affiche_Piaf_Aznavour-c.jpg 355w, https://theatredebagatelle.com/wp-content/uploads/Affiche_Piaf_Aznavour-c-213x300.jpg 213w" sizes="auto, (max-width: 355px) 100vw, 355px" /><figcaption class="wp-element-caption"><em>Sous l&rsquo;aile de la Môme</em></figcaption></figure>
</div>
</div>



<hr class="wp-block-separator aligncenter has-alpha-channel-opacity"/>



<p class="has-text-align-center wp-block-paragraph">Quelques extraits à l&rsquo;écoute&#8230;</p>



<div class="wp-block-columns is-layout-flex wp-container-core-columns-is-layout-f56f613f wp-block-columns-is-layout-flex">
<div class="wp-block-column is-layout-flow wp-block-column-is-layout-flow">
<figure class="wp-block-audio"><audio controls src="https://theatredebagatelle.com/wp-content/uploads/Aznavour-Piaf-Comme_ils_disent.mp3"></audio><figcaption class="wp-element-caption">Comme ils disent</figcaption></figure>
</div>
</div>



<figure class="wp-block-audio"><audio controls src="https://theatredebagatelle.com/wp-content/uploads/Aznavour-Piaf-Je_mvoyais_deja.mp3"></audio><figcaption class="wp-element-caption">Je m&rsquo;voyais déjà</figcaption></figure>



<figure class="wp-block-audio"><audio controls src="https://theatredebagatelle.com/wp-content/uploads/Aznavour-Piaf-Padam.mp3"></audio><figcaption class="wp-element-caption">Padam</figcaption></figure>



<hr class="wp-block-separator aligncenter has-css-opacity"/>



<div class="wp-block-columns is-layout-flex wp-container-core-columns-is-layout-f56f613f wp-block-columns-is-layout-flex">
<div class="wp-block-column is-layout-flow wp-block-column-is-layout-flow" style="--col-width:25%;flex-basis:25%"></div>



<div class="wp-block-column is-layout-flow wp-block-column-is-layout-flow" style="--col-width:50%;flex-basis:50%">
<figure class="wp-block-image size-medium"><a href="https://theatredebagatelle.com/index.php/photos-piaf-aznavour/"><img loading="lazy" decoding="async" width="300" height="98" src="https://theatredebagatelle.com/wp-content/uploads/Vign_PHOTOS-500x164-1-300x98.jpg" alt="" class="wp-image-893" srcset="https://theatredebagatelle.com/wp-content/uploads/Vign_PHOTOS-500x164-1-300x98.jpg 300w, https://theatredebagatelle.com/wp-content/uploads/Vign_PHOTOS-500x164-1.jpg 500w" sizes="auto, (max-width: 300px) 100vw, 300px" /></a></figure>
</div>



<div class="wp-block-column is-layout-flow wp-block-column-is-layout-flow" style="--col-width:25%;flex-basis:25%"></div>
</div>

<p>Création 2025 Chant: Agnès RavauxPiano &#8211; chant et arrangements: Guillaume GiraudAccordéon&nbsp;: Oleksandr Movchan PIAF &#8211; AZNAVOUR&#8230; une tendresse folle En 1946, Charles Aznavour est remarqué par Édith Piaf qui le prend sous son aile.<br /> Débute alors entre eux une longue et franche amitié.<br /> Elle le fera rentrer dans la grande famille des artistes…Avec Agnès Ravaux,[…]</p>
