{"id":1694,"date":"2025-09-24T17:06:51","date_gmt":"2025-09-24T15:06:51","guid":{"rendered":"https:\/\/theatredebagatelle.com\/?page_id=1694"},"modified":"2025-09-24T17:20:55","modified_gmt":"2025-09-24T15:20:55","slug":"sous-laile-de-la-mome","status":"publish","type":"page","link":"https:\/\/theatredebagatelle.com\/index.php\/sous-laile-de-la-mome\/","title":{"rendered":"Sous l&rsquo;aile de la M\u00f4me"},"content":{"rendered":"\n<div class=\"wp-block-group is-layout-flow wp-block-group-is-layout-flow\">\n<div class=\"wp-block-columns is-layout-flex wp-container-core-columns-is-layout-d0b3c9c8 wp-block-columns-is-layout-flex\">\n<div class=\"wp-block-column is-layout-flow wp-block-column-is-layout-flow\">\n<figure class=\"wp-block-image aligncenter size-full\"><img loading=\"lazy\" decoding=\"async\" width=\"800\" height=\"103\" src=\"https:\/\/theatredebagatelle.com\/wp-content\/uploads\/Titre_Piaf_Aznavour.jpg\" alt=\"\" class=\"wp-image-1719\" srcset=\"https:\/\/theatredebagatelle.com\/wp-content\/uploads\/Titre_Piaf_Aznavour.jpg 800w, https:\/\/theatredebagatelle.com\/wp-content\/uploads\/Titre_Piaf_Aznavour-300x39.jpg 300w, https:\/\/theatredebagatelle.com\/wp-content\/uploads\/Titre_Piaf_Aznavour-768x99.jpg 768w\" sizes=\"auto, (max-width: 800px) 100vw, 800px\" \/><\/figure>\n\n\n\n<p class=\"has-large-font-size\">Cr\u00e9ation 2025<\/p>\n<\/div>\n<\/div>\n<\/div>\n\n\n\n<div class=\"wp-block-columns is-layout-flex wp-container-core-columns-is-layout-d0b3c9c8 wp-block-columns-is-layout-flex\">\n<div class=\"wp-block-column is-layout-flow wp-block-column-is-layout-flow\">\n<p class=\"has-eccp-small-font-size\">chant: Agn\u00e8s Ravaux<br>piano &#8211; chant et arrangements: Guillaume Giraud<\/p>\n<\/div>\n<\/div>\n\n\n\n<div class=\"wp-block-columns is-layout-flex wp-container-core-columns-is-layout-d0b3c9c8 wp-block-columns-is-layout-flex\">\n<div class=\"wp-block-column is-layout-flow wp-block-column-is-layout-flow\"><\/div>\n\n\n\n<div class=\"wp-block-column is-layout-flow wp-block-column-is-layout-flow\"><\/div>\n<\/div>\n\n\n\n<p><strong>PIAF &#8211; AZNAVOUR&#8230; une tendresse folle<\/strong><\/p>\n\n\n\n<div class=\"wp-block-columns is-layout-flex wp-container-core-columns-is-layout-d0b3c9c8 wp-block-columns-is-layout-flex\">\n<div class=\"wp-block-column justification_texte is-layout-flow wp-block-column-is-layout-flow\" style=\"--col-width:66.66%;flex-basis:66.66%\">\n<p style=\"font-size:14px\">En 1946, Charles Aznavour est remarqu\u00e9 par \u00c9dith Piaf qui le prend sous son aile.\nD\u00e9bute alors entre eux une longue et franche amiti\u00e9.\nElle le fera rentrer dans la grande famille des artistes\u2026\nAgn\u00e8s et Guillaume revisite le r\u00e9pertoire de ces deux grands noms\nde la chanson fran\u00e7aise, nous emmenant au c\u0153ur de leurs ann\u00e9es de gloire et de triomphe.<\/p>\n<\/div>\n\n\n\n<div class=\"wp-block-column is-layout-flow wp-block-column-is-layout-flow\" style=\"--col-width:33.33%;flex-basis:33.33%\">\n<figure class=\"wp-block-image size-full\"><img loading=\"lazy\" decoding=\"async\" width=\"355\" height=\"500\" src=\"https:\/\/theatredebagatelle.com\/wp-content\/uploads\/Affiche_Piaf_Aznavour-c.jpg\" alt=\"\" class=\"wp-image-1718\" srcset=\"https:\/\/theatredebagatelle.com\/wp-content\/uploads\/Affiche_Piaf_Aznavour-c.jpg 355w, https:\/\/theatredebagatelle.com\/wp-content\/uploads\/Affiche_Piaf_Aznavour-c-213x300.jpg 213w\" sizes=\"auto, (max-width: 355px) 100vw, 355px\" \/><figcaption class=\"wp-element-caption\"><em>Sous l&rsquo;aile de la M\u00f4me<\/em><\/figcaption><\/figure>\n<\/div>\n<\/div>\n\n\n\n<hr class=\"wp-block-separator has-css-opacity\"\/>\n\n\n\n<div class=\"wp-block-columns is-layout-flex wp-container-core-columns-is-layout-d0b3c9c8 wp-block-columns-is-layout-flex\"><\/div>\n","protected":false},"excerpt":{"rendered":"<p>Cr\u00e9ation 2025 chant: Agn\u00e8s Ravauxpiano &#8211; chant et arrangements: Guillaume Giraud PIAF &#8211; AZNAVOUR&#8230; une tendresse folle En 1946, Charles Aznavour est remarqu\u00e9 par \u00c9dith Piaf qui le prend sous son aile.<br \/> D\u00e9bute alors entre eux une longue et franche amiti\u00e9.<br \/> Elle le fera rentrer dans la grande famille des artistes\u2026 Agn\u00e8s et Guillaume revisite[\u2026]<\/p>\n","protected":false},"author":2,"featured_media":0,"parent":0,"menu_order":0,"comment_status":"closed","ping_status":"closed","template":"","meta":{"_acf_changed":false,"remove_blocks_before_content":false,"remove_blocks_after_content":false,"countdown_timer_date_events":"","disable_reading_progress_bar":false,"footnotes":""},"class_list":["post-1694","page","type-page","status-publish","hentry"],"acf":[],"_links":{"self":[{"href":"https:\/\/theatredebagatelle.com\/index.php\/wp-json\/wp\/v2\/pages\/1694","targetHints":{"allow":["GET"]}}],"collection":[{"href":"https:\/\/theatredebagatelle.com\/index.php\/wp-json\/wp\/v2\/pages"}],"about":[{"href":"https:\/\/theatredebagatelle.com\/index.php\/wp-json\/wp\/v2\/types\/page"}],"author":[{"embeddable":true,"href":"https:\/\/theatredebagatelle.com\/index.php\/wp-json\/wp\/v2\/users\/2"}],"replies":[{"embeddable":true,"href":"https:\/\/theatredebagatelle.com\/index.php\/wp-json\/wp\/v2\/comments?post=1694"}],"version-history":[{"count":5,"href":"https:\/\/theatredebagatelle.com\/index.php\/wp-json\/wp\/v2\/pages\/1694\/revisions"}],"predecessor-version":[{"id":1729,"href":"https:\/\/theatredebagatelle.com\/index.php\/wp-json\/wp\/v2\/pages\/1694\/revisions\/1729"}],"wp:attachment":[{"href":"https:\/\/theatredebagatelle.com\/index.php\/wp-json\/wp\/v2\/media?parent=1694"}],"curies":[{"name":"wp","href":"https:\/\/api.w.org\/{rel}","templated":true}]}}