{"id":217,"date":"2022-02-23T11:19:48","date_gmt":"2022-02-23T10:19:48","guid":{"rendered":"https:\/\/theatredebagatelle.com\/?page_id=217"},"modified":"2025-05-13T17:47:27","modified_gmt":"2025-05-13T15:47:27","slug":"comme-des-moulins-a-vian","status":"publish","type":"page","link":"https:\/\/theatredebagatelle.com\/index.php\/comme-des-moulins-a-vian\/","title":{"rendered":"\u00ab\u00a0Comme des Moulins \u00e0 Vian\u00a0\u00bb"},"content":{"rendered":"\n<div class=\"wp-block-group is-layout-flow wp-block-group-is-layout-flow\">\n<div class=\"wp-block-columns is-layout-flex wp-container-core-columns-is-layout-d0b3c9c8 wp-block-columns-is-layout-flex\">\n<div class=\"wp-block-column is-layout-flow wp-block-column-is-layout-flow\">\n<figure class=\"wp-block-image size-full\"><img loading=\"lazy\" decoding=\"async\" width=\"800\" height=\"103\" src=\"https:\/\/theatredebagatelle.com\/wp-content\/uploads\/Titre_VIAN-c.jpg\" alt=\"\" class=\"wp-image-359\" srcset=\"https:\/\/theatredebagatelle.com\/wp-content\/uploads\/Titre_VIAN-c.jpg 800w, https:\/\/theatredebagatelle.com\/wp-content\/uploads\/Titre_VIAN-c-300x39.jpg 300w, https:\/\/theatredebagatelle.com\/wp-content\/uploads\/Titre_VIAN-c-768x99.jpg 768w\" sizes=\"auto, (max-width: 800px) 100vw, 800px\" \/><\/figure>\n\n\n\n<p class=\"has-large-font-size\">Cr\u00e9ation Originale<\/p>\n<\/div>\n<\/div>\n<\/div>\n\n\n\n<div class=\"wp-block-columns is-layout-flex wp-container-core-columns-is-layout-d0b3c9c8 wp-block-columns-is-layout-flex\">\n<div class=\"wp-block-column is-layout-flow wp-block-column-is-layout-flow\">\n<p>chant: Agn\u00e8s Ravaux<br>piano et chant: Guillaume Giraud<br>conteur, raconteur, po\u00e8te, porteur de mots: Bernard Sorbier<\/p>\n<\/div>\n<\/div>\n\n\n\n<div class=\"wp-block-columns is-layout-flex wp-container-core-columns-is-layout-d0b3c9c8 wp-block-columns-is-layout-flex\">\n<div class=\"wp-block-column is-layout-flow wp-block-column-is-layout-flow\">\n<p class=\"has-text-align-center has-medium-font-size\"><strong>\u00ab Rencontre autour de la vie, les textes et les chansons de Boris Vian \u00bb<\/strong><\/p>\n<\/div>\n<\/div>\n\n\n\n<div class=\"wp-block-columns is-layout-flex wp-container-core-columns-is-layout-d0b3c9c8 wp-block-columns-is-layout-flex\">\n<div class=\"wp-block-column is-layout-flow wp-block-column-is-layout-flow\" style=\"--col-width:66.66%;flex-basis:66.66%\">\n<p class=\"jutex has-small-font-size\">Autour d\u2019un escabeau, d\u2019une table, d\u2019un piano et de quelques accessoires, trois artistes nous entra\u00eenent dans les ann\u00e9es 50.<br>Tandis que Bernard Sorbier se r\u00e9incarne en Boris Vian, Agn\u00e8s Ravaux et Guillaume Giraud ressuscitent les chansons de l\u2019\u00e9crivain-musicien-chanteur-inventeur. Mais pas uniquement.<\/p>\n\n\n\n<p class=\"jutex has-small-font-size\">La vie de Boris Vian ressemble \u00e0 un morceau de jazz\u2026<br>Guillaume et sa clarinette font un clin d\u2019\u0153il au trompettiste qu\u2019\u00e9tait Boris\u2026<\/p>\n\n\n\n<p class=\"jutex has-small-font-size\">Lors de cette heure vingt de spectacle ce sont \u00e9galement tous les contemporains et amis de Boris Vian qui sont \u00e9voqu\u00e9s. De Salvador \u00e0 Gr\u00e9co en passant par Gainsbourg.<\/p>\n\n\n\n<p class=\"jutex has-small-font-size\">Dans cette alternance de textes cisel\u00e9s par Bernard qui a tremp\u00e9 sa plume dans une inspiration et un style vianesque et de chansons interpr\u00e9t\u00e9es tant\u00f4t avec tendresse, tant\u00f4t avec lyrisme par Agn\u00e8s et Guillaume, le spectateur voyage dans le temps, les souvenirs et les \u00e9motions. Cette \u00e9motion qui atteint plusieurs fois son paroxysme lorsque les chants et les textes se collent, se superposent, s\u2019encha\u00eenent.<br>Et puis, soudain, les interpr\u00e8tes s\u2019effacent, pour laisser la place \u00e0 une archive sonore qui fait briller les yeux du public et les \u00e9toiles que sont les artistes disparus aux r\u00e9sonances \u00e9ternelles.<\/p>\n<\/div>\n\n\n\n<div class=\"wp-block-column is-layout-flow wp-block-column-is-layout-flow\" style=\"--col-width:33.33%;flex-basis:33.33%\">\n<figure class=\"wp-block-image size-full\"><img loading=\"lazy\" decoding=\"async\" width=\"355\" height=\"500\" src=\"https:\/\/theatredebagatelle.com\/wp-content\/uploads\/aff_vian-c.jpg\" alt=\"\" class=\"wp-image-286\" srcset=\"https:\/\/theatredebagatelle.com\/wp-content\/uploads\/aff_vian-c.jpg 355w, https:\/\/theatredebagatelle.com\/wp-content\/uploads\/aff_vian-c-213x300.jpg 213w\" sizes=\"auto, (max-width: 355px) 100vw, 355px\" \/><\/figure>\n<\/div>\n<\/div>\n\n\n\n<p class=\"jutex has-small-font-size\"><em>Tous les registres de Boris \u00e9taient au rendez-vous et lui aussi bien pr\u00e9sent sur sc\u00e8ne dans une interpr\u00e9tation remarquable du trio et un texte magnifique de Bernard Sorbier<\/em><\/p>\n\n\n\n<div style=\"height:5px\" aria-hidden=\"true\" class=\"wp-block-spacer\"><\/div>\n\n\n\n<hr class=\"wp-block-separator has-css-opacity\"\/>\n\n\n\n<div class=\"wp-block-columns is-layout-flex wp-container-core-columns-is-layout-d0b3c9c8 wp-block-columns-is-layout-flex\">\n<div class=\"wp-block-column is-layout-flow wp-block-column-is-layout-flow\">\n<figure class=\"wp-block-image size-full\"><a href=\"https:\/\/theatredebagatelle.com\/index.php\/videos\/\"><img loading=\"lazy\" decoding=\"async\" width=\"500\" height=\"164\" src=\"https:\/\/theatredebagatelle.com\/wp-content\/uploads\/Vign_VIDEOS-500x164-1.jpg\" alt=\"\" class=\"wp-image-895\" srcset=\"https:\/\/theatredebagatelle.com\/wp-content\/uploads\/Vign_VIDEOS-500x164-1.jpg 500w, https:\/\/theatredebagatelle.com\/wp-content\/uploads\/Vign_VIDEOS-500x164-1-300x98.jpg 300w\" sizes=\"auto, (max-width: 500px) 100vw, 500px\" \/><\/a><\/figure>\n<\/div>\n\n\n\n<div class=\"wp-block-column is-layout-flow wp-block-column-is-layout-flow\">\n<figure class=\"wp-block-image size-full\"><a href=\"https:\/\/theatredebagatelle.com\/index.php\/presse-vian\/\"><img loading=\"lazy\" decoding=\"async\" width=\"500\" height=\"164\" src=\"https:\/\/theatredebagatelle.com\/wp-content\/uploads\/Vign_PRESSE-500x164-1.jpg\" alt=\"\" class=\"wp-image-877\" srcset=\"https:\/\/theatredebagatelle.com\/wp-content\/uploads\/Vign_PRESSE-500x164-1.jpg 500w, https:\/\/theatredebagatelle.com\/wp-content\/uploads\/Vign_PRESSE-500x164-1-300x98.jpg 300w\" sizes=\"auto, (max-width: 500px) 100vw, 500px\" \/><\/a><\/figure>\n<\/div>\n\n\n\n<div class=\"wp-block-column is-layout-flow wp-block-column-is-layout-flow\">\n<figure class=\"wp-block-image size-full\"><a href=\"https:\/\/theatredebagatelle.com\/index.php\/photos-comme-un-moulin-a-vian\/\"><img loading=\"lazy\" decoding=\"async\" width=\"500\" height=\"164\" src=\"https:\/\/theatredebagatelle.com\/wp-content\/uploads\/Vign_PHOTOS-500x164-1.jpg\" alt=\"\" class=\"wp-image-893\" srcset=\"https:\/\/theatredebagatelle.com\/wp-content\/uploads\/Vign_PHOTOS-500x164-1.jpg 500w, https:\/\/theatredebagatelle.com\/wp-content\/uploads\/Vign_PHOTOS-500x164-1-300x98.jpg 300w\" sizes=\"auto, (max-width: 500px) 100vw, 500px\" \/><\/a><\/figure>\n<\/div>\n<\/div>\n\n\n\n<div class=\"wp-block-columns is-layout-flex wp-container-core-columns-is-layout-d0b3c9c8 wp-block-columns-is-layout-flex\">\n<div class=\"wp-block-column is-layout-flow wp-block-column-is-layout-flow\">\n<p><a href=\"https:\/\/theatredebagatelle.com\/index.php\/un-piano-pour-brassens\/\">Pr\u00e9c\u00e9dent<\/a><\/p>\n<\/div>\n\n\n\n<div class=\"wp-block-column is-layout-flow wp-block-column-is-layout-flow\">\n<p class=\"has-text-align-right\"><a href=\"https:\/\/theatredebagatelle.com\/index.php\/guillaume-giraud-trio\/\">Suivant<\/a><\/p>\n<\/div>\n<\/div>\n\n\n\n<p><\/p>\n","protected":false},"excerpt":{"rendered":"<p>Cr\u00e9ation Originale chant: Agn\u00e8s Ravauxpiano et chant: Guillaume Giraudconteur, raconteur, po\u00e8te, porteur de mots: Bernard Sorbier \u00ab Rencontre autour de la vie, les textes et les chansons de Boris Vian \u00bb Autour d\u2019un escabeau, d\u2019une table, d\u2019un piano et de quelques accessoires, trois artistes nous entra\u00eenent dans les ann\u00e9es 50.<br \/>Tandis que Bernard Sorbier se r\u00e9incarne[\u2026]<\/p>\n","protected":false},"author":2,"featured_media":0,"parent":0,"menu_order":0,"comment_status":"closed","ping_status":"closed","template":"","meta":{"_acf_changed":false,"remove_blocks_before_content":false,"remove_blocks_after_content":false,"countdown_timer_date_events":"","disable_reading_progress_bar":false,"footnotes":""},"class_list":["post-217","page","type-page","status-publish","hentry"],"acf":[],"_links":{"self":[{"href":"https:\/\/theatredebagatelle.com\/index.php\/wp-json\/wp\/v2\/pages\/217","targetHints":{"allow":["GET"]}}],"collection":[{"href":"https:\/\/theatredebagatelle.com\/index.php\/wp-json\/wp\/v2\/pages"}],"about":[{"href":"https:\/\/theatredebagatelle.com\/index.php\/wp-json\/wp\/v2\/types\/page"}],"author":[{"embeddable":true,"href":"https:\/\/theatredebagatelle.com\/index.php\/wp-json\/wp\/v2\/users\/2"}],"replies":[{"embeddable":true,"href":"https:\/\/theatredebagatelle.com\/index.php\/wp-json\/wp\/v2\/comments?post=217"}],"version-history":[{"count":19,"href":"https:\/\/theatredebagatelle.com\/index.php\/wp-json\/wp\/v2\/pages\/217\/revisions"}],"predecessor-version":[{"id":1666,"href":"https:\/\/theatredebagatelle.com\/index.php\/wp-json\/wp\/v2\/pages\/217\/revisions\/1666"}],"wp:attachment":[{"href":"https:\/\/theatredebagatelle.com\/index.php\/wp-json\/wp\/v2\/media?parent=217"}],"curies":[{"name":"wp","href":"https:\/\/api.w.org\/{rel}","templated":true}]}}